1) + 4/(-14). Does 6 divide (3/((-36)/s) + -2)*-52?
False
Suppose j + 2*u - 176 = 0, -4*j + 704 = -3*u + 4*u. Let f = 432 - j. Does 37 divide f?
False
Let a = -30 - -30. Is 9 + -9 + 31 + a a multiple of 8?
False
Let h = 1763 + -869. Is 14 a factor of h?
False
Suppose -3*a + 10*a = 0. Let m = a - -2. Suppose 7*q = m*q + 180. Is 8 a factor of q?
False
Is 3 + 3 - (-2942 + (0 - -3)) a multiple of 106?
False
Let v(o) = -3*o**2 + 13*o - 4. Let y be v(5). Let k = y - -30. Is 8 a factor of k?
True
Let u = -2572 + 4948. Does 18 divide u?
True
Let h = 3930 - 2287. Is h a multiple of 23?
False
Let s(x) = 4*x**2 - 6*x + 5. Let w be s(4). Does 14 divide 20/3*378/w?
True
Does 12 divide 2*226 + 4*(8 + -7)?
True
Let c(s) = s**2 + 10*s - 28. Let k be c(3). Suppose 0 = 5*g + 3*x - 219, 0 = -g - k*x + 9*x + 41. Is g a multiple of 5?
True
Let l(m) = m**3 + 11*m**2 - 2*m - 6. Let s be l(-11). Let i be (0*4/s)/(-1). Suppose i = 4*j - 2*j - 18. Is j a multiple of 2?
False
Let w(s) = 24*s**2 + 3*s - 72. Is w(6) a multiple of 36?
False
Let i be 2/(-2 - (-3 + -1)). Suppose 4*w - i - 3 = 0. Does 16 divide (-573)/(-9) - w/(-3)?
True
Let x(h) = -h - 2. Let f be x(-2). Let z = -13 - -18. Suppose f = z*c - 6 - 319. Does 10 divide c?
False
Let l(r) = 3*r + 12. Let o be l(5). Suppose -3*x = -141 - o. Is x a multiple of 7?
True
Let w = 13 - -61. Is 2 a factor of w/3*3/2?
False
Suppose -5*b + 270 = -5. Let a = 98 - b. Suppose u - y = -13 + a, -4*u = -2*y - 126. Is u a multiple of 7?
False
Suppose -x = -4*p + 128 + 89, -4*p - 2*x = -214. Let k = p + -19. Is k a multiple of 8?
False
Let p be (-2)/(-7) - (-21054)/154. Suppose -164 = -5*m - 3*x, 4*m - 3*x = p - 22. Suppose -5*n + m = 3*y, -2*y + 0*y + 18 = 2*n. Is 7 a factor of y?
True
Is 7 a factor of 926 + (15 - (-1 + 11))?
True
Let t(r) = -2*r**3 - 16*r**2 - 5*r - 99. Is t(-10) a multiple of 42?
False
Let q = -1068 - -1693. Let o = q - 345. Does 15 divide o?
False
Suppose -65*p + 74*p - 4860 = 0. Is p a multiple of 5?
True
Suppose 3*c - 2366 = -s, s = 12*c - 11*c - 794. Does 39 divide c?
False
Let d(c) = -2*c**2 - 14*c - 9. Suppose 0*b + 9 = -b. Let u be 9*(-2 - 12/b). Is d(u) even?
False
Does 18 divide (369/(-2))/(20/(-80))?
True
Suppose -2*u = -3*u + 5*d + 12, u = d. Let c be (-1)/(-1 - (1 + u)). Let m(b) = 63*b**2 + 1. Is m(c) a multiple of 16?
True
Suppose -8 - 77 = -u - 4*o, 0 = 4*o - 4. Is u a multiple of 21?
False
Let w(u) = -u**2 - 3*u - 2. Let h be w(-4). Let j = h + 9. Suppose 0 = -l + j*l - 12. Is l even?
True
Let l be (-1)/(1 - (-1 + 3)). Let g(c) = c**3 + c**2 - c. Let j(u) = -7*u**3 + 5*u**2 - 2*u + 1. Let x(n) = l*j(n) - 4*g(n). Is x(-1) a multiple of 8?
False
Let n(f) = 66*f + 51. Let t(q) = -5*q - 4. Let s(p) = 2*n(p) + 27*t(p). Suppose -3*v + 4 = 19. Is s(v) a multiple of 4?
False
Let k(a) = 4*a**2 - 2*a - 1. Let d be k(-1). Suppose q + 18 = m, -24 = d*m + q - 96. Is m a multiple of 9?
False
Does 15 divide 1485/(-22)*(-1 + -7)?
True
Let a be 0*(-4 + (-22)/(-6)). Suppose -3*q + 639 = q - 5*g, a = -2*g + 2. Let n = -89 + q. Does 35 divide n?
False
Suppose u + 3*l - 4 + 3 = 0, -1 = -u - 4*l. Let z(h) = h**3 - 2*h**2. Let x be z(u). Does 6 divide (-146)/(-8) + x/4?
True
Suppose 4*r - 5*r + 5*m + 2 = 0, 4*r - 3*m - 8 = 0. Let x(u) = 4*u**2 + 2*u - 1. Let n be x(1). Suppose 32 + 19 = n*g - z, -3*z = r*g - 17. Does 3 divide g?
False
Let c = 73 - -31. Let y be c/56 + 1/7. Suppose -4*s + 57 = z, -z + 3*s + y*s + 48 = 0. Is 11 a factor of z?
False
Suppose 2035 = 35*b - 30*b. Does 86 divide b?
False
Let f be 106/22 + 10/55. Suppose h = 5*s + 20, -3*h - s + 2*s + 60 = 0. Let w = h - f. Is w a multiple of 5?
True
Suppose -3*g - 3*s + 39 = 9, -g = -3*s - 6. Let x = 33 - g. Does 8 divide x?
True
Let y(l) = l**2 + 62*l + 152. Is y(-61) a multiple of 91?
True
Suppose 5*u = 57 + 683. Suppose 0 = -4*r - 5*t + u, -112 = 2*r - 5*r - 4*t. Is 15 a factor of r?
False
Suppose -25 = -0*p - 5*p. Does 2 divide (2/p)/((-14)/(-385))?
False
Suppose -34*x + 6477 = 17*x. Suppose 0 = -4*y - 60 - 184. Let h = y + x. Is 11 a factor of h?
True
Suppose 1 = -2*s - 3*m + 6*m, -2*s - 3*m = -17. Suppose s*v - 610 = -6*v. Is 9 a factor of v?
False
Suppose 15*n = 10*n - 2*g + 1332, 4*n - 1084 = 3*g. Is n a multiple of 67?
True
Suppose 6*k - 21 = -k. Does 29 divide k/(-9) + (-175)/(-3)?
True
Let v(t) = 2*t**3 + 17*t**2 + 4*t + 2. Is 17 a factor of v(-8)?
True
Let a(l) be the third derivative of l**5/60 + l**4/12 + l**3/6 + 5*l**2. Is 16 a factor of a(3)?
True
Let p(j) = 0*j + 0*j - 2*j - 12 - 3. Let q be p(-15). Let w = q - -6. Does 7 divide w?
True
Does 14 divide (-882)/(-4)*(-25)/(150/(-16))?
True
Suppose 8 = -2*x + 4*p, -5*x = -2*x + 2*p - 20. Let o(h) = 32*h - 91. Let f be o(3). Suppose f*k = 4*i - 4, -x*i + k = -0*i - 20. Does 6 divide i?
True
Let l be 1/(-3*(-1)/(-27)). Let f = l + 15. Suppose f*b - 5*b = 34. Is b a multiple of 12?
False
Let u(g) = -2*g + 175. Does 23 divide u(30)?
True
Let t be ((-6)/(-12))/(2/(-4)). Let l be (t + 3/(-9))*33. Is 4 a factor of (l/8)/(2/(-4))?
False
Suppose 4*b - b = 12. Suppose -2*n - b*s = -4, -4*n + 2*s = -0*n + 12. Is 2 a factor of -1 - 2*n*1?
False
Let h = 102 + 219. Is 9 a factor of h?
False
Suppose 222*a - 225*a = -5*r + 230, 3*a = 2*r - 92. Suppose 5 + 3 = 4*b. Is 3 a factor of r/4*b + 0?
False
Let h(x) = -4*x - 36. Let g be ((-3)/(-15) + 1)*-15. Is 9 a factor of h(g)?
True
Let k(h) = h**2 + 13*h + 14. Let n be k(-11). Let j = -38 + n. Let y = -22 - j. Does 12 divide y?
True
Suppose -7*b + 3*c + 17 = -3*b, -5*b + 5*c = -20. Let s be 2/b - (-72)/20. Is 17 a factor of s/16 - (-134)/8?
True
Let p = 17 - 13. Suppose -p*b + 3*b + 2 = 0. Is 7 a factor of ((-574)/28)/((-1)/b)?
False
Is 28 a factor of 454/2951 + (-23448)/(-26)?
False
Suppose -4*s = 3*s + 28. Is 34*(-1)/(s/8) a multiple of 17?
True
Let s(b) = -4 + 5*b + 4 - 5 - 10*b. Is s(-5) a multiple of 13?
False
Let q(d) be the third derivative of -3*d**4/8 + 2*d**3/3 + 8*d**2. Is 20 a factor of q(-4)?
True
Let k = -1841 + 1986. Is 18 a factor of k?
False
Let p(a) = 5*a**3 + 4*a**2 - 5*a + 1. Is p(4) a multiple of 57?
False
Is 25 a factor of -25 + 2152 - (2 + 1 + -1)?
True
Suppose -7*x = 89 + 79. Let d = x - -50. Is d a multiple of 13?
True
Let w(q) = -q**3 - 4*q**2 + 4*q - 3. Let o be w(-5). Does 6 divide (36/30)/(o/10)?
True
Let o be (-2)/(-7) + 108/14. Does 32 divide (-384)/(-9)*30/o?
True
Let v = 405 + -378. Is 2 a factor of v?
False
Let v(f) = 10*f**2 - 128*f - 57. Is v(25) a multiple of 41?
True
Suppose -4 = -4*z, 3*z - 507 = -3*l - 0*z. Suppose -4*t + 152 + l = -5*p, -5*t + 3*p = -400. Is 8 a factor of t?
True
Let l = 14 - 15. Let r be -1*(1 - (-1)/l). Suppose r*f + 17 = 5*z + 2*f, 2 = 2*z + 2*f. Is 2 a factor of z?
False
Let m(s) = 63*s + 7. Let o = -21 - -22. Let n(b) = -b + 1. Let f(l) = o*m(l) - 4*n(l). Does 26 divide f(1)?
False
Suppose -2 - 1 = -j. Let d be (j/(-2))/(9/(-30)). Suppose -4*g = -d*f - 55, 0*f = -g - 3*f + 18. Does 6 divide g?
False
Let s(r) = -r - 4. Let z be s(-6). Suppose 0 = -z*a + 5*a. Suppose 0*b + 2*b - 64 = a. Is 16 a factor of b?
True
Suppose -4*q = -383 + 1331. Let b = 647 - 298. Let f = b + q. Is f a multiple of 33?
False
Suppose -5*d + 0*d = -500. Let n = 128 + -88. Suppose 0*f + 3*f + g = d, -f + n = -3*g. Is 12 a factor of f?
False
Let q = 37 - 19. Let k = q + 52. Is 17 a factor of k?
False
Let m(g) = -12*g + 14. Let c be m(2). Let y = 22 - c. Is 3 a factor of y?
False
Let x be 3 - 7 - (-3)/1. Let k(z) = -16*z + 1. Is 9 a factor of k(x)?
False
Suppose 0 = 198*i - 204*i + 966. Is i a multiple of 7?
True
Is (-204)/374 + (-21973)/(-11) a multiple of 28?
False
Suppose -2*d + 24 = 74. Suppose 57 = -10*c + 7*c. Let x = c - d. Is 6 a factor of x?
True
Suppose 8*b - 943 - 1553 = 0. Does 12 divide b?
True
Suppose -g + 8 = 3*q - q, -18 = -2*g - 5*q. Suppose 6*z = z + g*o - 15, -z + 3*o = 3. Is z*(28/(-3) - 0) a multiple of 19?
False
Let b = 35 + -21. Let g be b + 1 + -1 + 2. Is 21 a factor of g + -16 + (1 - -86)?
False
Let y = 15 - 11. Suppose -16 = -0*r - y*r. Suppose r = -x + 2*x. Is x even?
True
Suppose -2 = -4*u + 10. Let d(j) = 16*j - 6 + 4*j**2 - 3*j - j**u + 6*j**2. Is d(11) a multiple of 8?
True
Let p = -214 + 354. Suppose 16*q - 21*q = -p. Does 7 divide q?
True
Let u(k) = k**2 + 9. Suppose 2 + 1 = q. Suppose -2*x - 2*t +